{"id":29,"date":"2026-02-16T14:43:51","date_gmt":"2026-02-16T13:43:51","guid":{"rendered":"http:\/\/fll.univ-tiaret.dz\/ldncdase\/?page_id=29"},"modified":"2026-02-16T14:43:51","modified_gmt":"2026-02-16T13:43:51","slug":"equipe-5","status":"publish","type":"page","link":"https:\/\/fll.univ-tiaret.dz\/ldncdase\/?page_id=29","title":{"rendered":"Equipe 5"},"content":{"rendered":"<p><strong>Equipe 5<\/strong><\/p>\n<p><strong>Litt\u00e9rature g\u00e9n\u00e9rale et compar\u00e9e et analyse du discours \/ LCGA<\/strong><\/p>\n<p>Les activit\u00e9s de recherche men\u00e9es par cette \u00e9quipe s\u2019articuleront autour de la litt\u00e9rature compar\u00e9e, entendue comme un espace d\u2019\u00e9changes entre cultures, langues, arts et technologies. Au croisement de la litt\u00e9rature, du cin\u00e9ma, des m\u00e9dias ou encore du num\u00e9rique, cette approche interdisciplinaire permettra d\u2019explorer les liens entre textes, images et soci\u00e9t\u00e9s. Nos travaux viseront \u00e0 interroger la notion d\u2019alt\u00e9rit\u00e9, au c\u0153ur des probl\u00e9matiques actuelles telles que le postcolonialisme, le dialogisme et la r\u00e9ception. En croisant les approches sociologiques, anthropologiques, historiques et philosophiques, l\u2019\u00e9quipe analysera les ph\u00e9nom\u00e8nes litt\u00e9raires et m\u00e9diatiques qui traduisent les enjeux socio-politiques contemporains. Une attention particuli\u00e8re sera accord\u00e9e \u00e0 la place du langage et des interactions entre les disciplines, afin de mieux comprendre les ph\u00e9nom\u00e8nes textuels et discursifs. Les recherches porteront aussi sur les relations Est\/Ouest, l\u2019intertextualit\u00e9, la litt\u00e9rature maghr\u00e9bine d\u2019expression fran\u00e7aise et les influences \u00e9trang\u00e8res sur les litt\u00e9ratures nationales. Enfin, l\u2019\u00e9quipe encouragera des projets de recherche interculturels et interdisciplinaires, ouverts aux formes culturelles modernes \u2014 du livre num\u00e9rique aux s\u00e9ries t\u00e9l\u00e9vis\u00e9es \u2014 pour mieux saisir la dynamique mondiale des cr\u00e9ations litt\u00e9raires et artistiques<\/p>\n<p><strong>Mos cl\u00e9s\u00a0:<\/strong> litt\u00e9rature compar\u00e9e-francophonie- litt\u00e9rature maghr\u00e9bine<\/p>\n<table style=\"height: 274px;\" width=\"814\">\n<tbody>\n<tr>\n<td width=\"154\"><strong>MOKHTARI Fatima<\/strong><\/td>\n<td width=\"143\">Chef d\u2019\u00e9quipe<\/td>\n<td width=\"50\">MCA<\/td>\n<td width=\"177\"><u>mokhtari_fatima@yahoo.fr <\/u><\/td>\n<\/tr>\n<tr>\n<td width=\"154\">AOUALI Nawel<\/td>\n<td width=\"143\">membre<\/td>\n<td width=\"50\">MCA<\/td>\n<td width=\"177\">aoualinawel@gmail.com<\/td>\n<\/tr>\n<tr>\n<td width=\"154\">DIB Fathi<\/td>\n<td width=\"143\">membre<\/td>\n<td width=\"50\">MAA<\/td>\n<td width=\"177\">fathidib@hotmail.com<\/td>\n<\/tr>\n<tr>\n<td width=\"154\">Bouharket Lebia<\/td>\n<td width=\"143\">membre<\/td>\n<td width=\"50\">MCA<\/td>\n<td width=\"177\">lbia_14@yahoo.com<\/td>\n<\/tr>\n<\/tbody>\n<\/table>\n<p>&nbsp;<\/p>\n","protected":false},"excerpt":{"rendered":"<p>Equipe 5 Litt\u00e9rature g\u00e9n\u00e9rale et compar\u00e9e et analyse du discours \/ LCGA Les activit\u00e9s de recherche men\u00e9es par cette \u00e9quipe s\u2019articuleront autour de la litt\u00e9rature compar\u00e9e, entendue comme un espace d\u2019\u00e9changes entre cultures, langues, arts et technologies. Au croisement de la litt\u00e9rature, du cin\u00e9ma, des m\u00e9dias ou encore du num\u00e9rique, cette approche interdisciplinaire permettra d\u2019explorer [&hellip;]<\/p>\n","protected":false},"author":1,"featured_media":0,"parent":0,"menu_order":0,"comment_status":"closed","ping_status":"closed","template":"","meta":{"footnotes":""},"class_list":["post-29","page","type-page","status-publish","hentry"],"_links":{"self":[{"href":"https:\/\/fll.univ-tiaret.dz\/ldncdase\/index.php?rest_route=\/wp\/v2\/pages\/29","targetHints":{"allow":["GET"]}}],"collection":[{"href":"https:\/\/fll.univ-tiaret.dz\/ldncdase\/index.php?rest_route=\/wp\/v2\/pages"}],"about":[{"href":"https:\/\/fll.univ-tiaret.dz\/ldncdase\/index.php?rest_route=\/wp\/v2\/types\/page"}],"author":[{"embeddable":true,"href":"https:\/\/fll.univ-tiaret.dz\/ldncdase\/index.php?rest_route=\/wp\/v2\/users\/1"}],"replies":[{"embeddable":true,"href":"https:\/\/fll.univ-tiaret.dz\/ldncdase\/index.php?rest_route=%2Fwp%2Fv2%2Fcomments&post=29"}],"version-history":[{"count":1,"href":"https:\/\/fll.univ-tiaret.dz\/ldncdase\/index.php?rest_route=\/wp\/v2\/pages\/29\/revisions"}],"predecessor-version":[{"id":30,"href":"https:\/\/fll.univ-tiaret.dz\/ldncdase\/index.php?rest_route=\/wp\/v2\/pages\/29\/revisions\/30"}],"wp:attachment":[{"href":"https:\/\/fll.univ-tiaret.dz\/ldncdase\/index.php?rest_route=%2Fwp%2Fv2%2Fmedia&parent=29"}],"curies":[{"name":"wp","href":"https:\/\/api.w.org\/{rel}","templated":true}]}}